{"id":866,"date":"2020-10-22T02:38:22","date_gmt":"2020-10-22T02:38:22","guid":{"rendered":"http:\/\/boneteriamayte.com.mx\/?post_type=product&#038;p=866"},"modified":"2020-10-22T18:58:33","modified_gmt":"2020-10-22T18:58:33","slug":"playera-cuello-ruso-nino-y-caballero","status":"publish","type":"product","link":"http:\/\/boneteriamayte.com.mx\/?product=playera-cuello-ruso-nino-y-caballero","title":{"rendered":"PLAYERA CUELLO RUSO NI\u00d1O Y CABALLERO BLANCO"},"content":{"rendered":"<p>PLAYERA CUELLO RUSO NI\u00d1O Y CABALLERO 50% ALGOD\u00d3N, 50% POLIESTER 1 PZA<\/p>\n","protected":false},"excerpt":{"rendered":"<p>PLAYERA CUELLO RUSO NI\u00d1O Y CABALLERO 50% ALGOD\u00d3N, 50% POLIESTER 1 PZA<\/p>\n","protected":false},"featured_media":867,"comment_status":"open","ping_status":"closed","template":"","meta":[],"_links":{"self":[{"href":"http:\/\/boneteriamayte.com.mx\/index.php?rest_route=\/wp\/v2\/product\/866"}],"collection":[{"href":"http:\/\/boneteriamayte.com.mx\/index.php?rest_route=\/wp\/v2\/product"}],"about":[{"href":"http:\/\/boneteriamayte.com.mx\/index.php?rest_route=\/wp\/v2\/types\/product"}],"replies":[{"embeddable":true,"href":"http:\/\/boneteriamayte.com.mx\/index.php?rest_route=%2Fwp%2Fv2%2Fcomments&post=866"}],"wp:featuredmedia":[{"embeddable":true,"href":"http:\/\/boneteriamayte.com.mx\/index.php?rest_route=\/wp\/v2\/media\/867"}],"wp:attachment":[{"href":"http:\/\/boneteriamayte.com.mx\/index.php?rest_route=%2Fwp%2Fv2%2Fmedia&parent=866"}],"curies":[{"name":"wp","href":"https:\/\/api.w.org\/{rel}","templated":true}]}}